 base 2.
-100100
Convert 4 (base 15) to base 9.
4
-1111 (base 2) to base 14
-11
Convert -6 (base 11) to base 10.
-6
What is 322 (base 4) in base 13?
46
0 (base 13) to base 15
0
18 (base 10) to base 14
14
What is -41 (base 8) in base 13?
-27
Convert 110021 (base 3) to base 5.
2311
-232 (base 4) to base 16
-2e
Convert -2 (base 9) to base 12.
-2
1 (base 3) to base 5
1
Convert -2 (base 15) to base 11.
-2
What is 4 (base 5) in base 9?
4
Convert 20 (base 5) to base 7.
13
Convert 7 (base 14) to base 3.
21
-4 (base 15) to base 2
-100
2100 (base 3) to base 12
53
Convert 4 (base 9) to base 11.
4
Convert -1 (base 4) to base 11.
-1
What is 1002 (base 3) in base 12?
25
Convert -11 (base 5) to base 3.
-20
Convert -11 (base 3) to base 16.
-4
Convert -20 (base 10) to base 7.
-26
What is -1e (base 16) in base 8?
-36
2 (base 12) to base 7
2
-1231 (base 4) to base 6
-301
-1 (base 11) to base 4
-1
72 (base 9) to base 16
41
3 (base 7) to base 3
10
-1012 (base 3) to base 14
-24
10 (base 6) to base 12
6
What is -4 (base 6) in base 10?
-4
Convert 2 (base 6) to base 11.
2
What is -12 (base 4) in base 10?
-6
-1003 (base 4) to base 12
-57
-55 (base 16) to base 3
-10011
What is -1 (base 7) in base 5?
-1
Convert 1 (base 10) to base 7.
1
Convert 400 (base 6) to base 4.
2100
Convert 3 (base 11) to base 5.
3
Convert 202 (base 9) to base 13.
c8
-34 (base 5) to base 6
-31
-11 (base 4) to base 3
-12
Convert -220 (base 6) to base 11.
-77
251 (base 9) to base 7
415
What is -13 (base 12) in base 4?
-33
What is 1100011 (base 2) in base 16?
63
-2 (base 13) to base 10
-2
Convert 3 (base 13) to base 7.
3
20 (base 8) to base 13
13
What is -11000 (base 3) in base 13?
-84
-12 (base 9) to base 10
-11
Convert -12 (base 7) to base 13.
-9
-97 (base 11) to base 6
-254
Convert 64 (base 15) to base 14.
6a
Convert 82 (base 9) to base 6.
202
What is -35 (base 9) in base 10?
-32
What is -100 (base 2) in base 9?
-4
1013 (base 5) to base 15
8d
What is -10 (base 4) in base 5?
-4
What is 0 (base 15) in base 10?
0
Convert -2 (base 5) to base 4.
-2
-22 (base 12) to base 7
-35
153 (base 6) to base 5
234
-1002 (base 3) to base 11
-27
Convert 4 (base 11) to base 9.
4
Convert -3 (base 12) to base 11.
-3
What is -a (base 15) in base 10?
-10
Convert -425 (base 6) to base 12.
-115
Convert 2 (base 10) to base 13.
2
-15 (base 11) to base 13
-13
Convert 2111 (base 3) to base 14.
4b
92 (base 12) to base 4
1232
-e (base 16) to base 8
-16
-4 (base 13) to base 9
-4
What is -203 (base 7) in base 9?
-122
Convert 17 (base 13) to base 15.
15
What is -101 (base 2) in base 12?
-5
1a (base 14) to base 15
19
Convert 0 (base 12) to base 5.
0
-1 (base 16) to base 8
-1
Convert 7 (base 9) to base 12.
7
Convert 1022 (base 4) to base 14.
54
What is 17 (base 14) in base 12?
19
4 (base 7) to base 13
4
What is 1 (base 4) in base 12?
1
What is 4 (base 13) in base 7?
4
Convert -4 (base 12) to base 16.
-4
0 (base 6) to base 4
0
Convert 382 (base 9) to base 14.
189
Convert -32 (base 5) to base 2.
-10001
What is 1 (base 13) in base 6?
1
What is 2 (base 16) in base 8?
2
What is 21200 (base 3) in base 4?
3033
Convert 29 (base 14) to base 2.
100101
202 (base 6) to base 14
54
Convert -160 (base 7) to base 8.
-133
-70 (base 13) to base 7
-160
121 (base 12) to base 13
100
What is -2 (base 10) in base 14?
-2
What is 5 (base 12) in base 3?
12
-81 (base 15) to base 10
-121
What is -144 (base 5) in base 3?
-1211
9 (base 11) to base 10
9
1 (base 10) to base 14
1
-14 (base 7) to base 12
-b
What is -3 (base 14) in base 6?
-3
Convert -10 (base 6) to base 13.
-6
Convert -13 (base 14) to base 2.
-10001
-233 (base 4) to base 2
-101111
-21 (base 10) to base 11
-1a
a (base 13) to base 11
a
Convert -26 (base 10) to base 6.
-42
Convert -42 (base 16) to base 3.
-2110
-1 (base 3) to base 16
-1
What is 10111 (base 2) in base 5?
43
-60 (base 13) to base 9
-86
-2 (base 12) to base 2
-10
What is -15 (base 16) in base 3?
-210
-9e (base 16) to base 7
-314
Convert -10 (base 6) to base 14.
-6
Convert 15 (base 16) to base 13.
18
2c (base 14) to base 12
34
Convert 4 (base 11) to base 3.
11
Convert -40 (base 10) to base 11.
-37
Convert -4 (base 15) to base 4.
-10
41 (base 9) to base 3
1101
Convert 4 (base 13) to base 6.
4
10 (base 4) to base 5
4
What is -3 (base 5) in base 4?
-3
-3 (base 15) to base 2
-11
Convert 212 (base 4) to base 6.
102
What is 46 (base 13) in base 2?
111010
What is 1 (base 8) in base 11?
1
What is 5 (base 6) in base 10?
5
What is -22 (base 3) in base 14?
-8
Convert 17 (base 14) to base 16.
15
What is -3 (base 11) in base 2?
-11
Convert 2 (base 11) to base 5.
2
-153 (base 14) to base 12
-1a5
24 (base 5) to base 16
e
Convert -3c (base 16) to base 11.
-55
Convert -3 (base 14) to base 2.
-11
Convert 110 (base 2) to base 9.
6
What is -28 (base 16) in base 11?
-37
What is -306 (base 7) in base 16?
-99
-1 (base 2) to base 3
-1
What is 2012 (base 3) in base 15?
3e
10 (base 6) to base 10
6
-100111000 (base 2) to base 10
-312
What is 101 (base 2) in base 12?
5
What is 16 (base 9) in base 11?
14
Convert -1 (base 4) to base 6.
-1
Convert -113 (base 13) to base 2.
-10111001
Convert 1a0 (base 11) to base 8.
347
-142 (base 5) to base 16
-2f
What is -30 (base 14) in base 16?
-2a
-4 (base 10) to base 11
-4
Convert -2 (base 13) to base 3.
-2
1 (base 11) to base 6
1
What is 8 (base 12) in base 3?
22
What is -10 (base 4) in base 13?
-4
What is -4 (base 5) in base 8?
-4
What is -16 (base 10) in base 2?
-10000
-2 (base 9) to base 6
-2
-1 (base 16) to base 13
-1
-7 (base 16) to base 5
-12
What is -152 (base 10) in base 14?
-ac
What is -2c (base 14) in base 4?
-220
What is -12 (base 6) in base 8?
-10
What is -3 (base 4) in base 7?
-3
Convert -31 (base 8) to base 13.
-1c
-56 (base 10) to base 13
-44
Convert 4 (base 10) to base 3.
11
-104 (base 6) to base 9
-44
-156 (base 10) to base 4
-2130
-17 (base 9) to base 11
-15
What is -133 (base 7) in base 12?
-61
What is 3 (base 11) in base 7?
3
What is 29 (base 10) in base 9?
32
Convert -20 (base 7) to base 13.
-11
What is -32 (base 5) in base 7?
-23
What is 2b (base 15) in base 10?
41
Convert 13 (base 16) to base 12.
17
Convert 154 (base 6) to base 10.
70
Convert 75 (base 10) to base 15.
50
Convert 41 (base 9) to base 6.
101
-6 (base 12) to base 6
-10
-33 (base 5) to base 2
-10010
Convert a8 (base 13) to base 5.
1023
Convert -71 (base 15) to base 9.
-127
-3 (base 6) to base 9
-3
-1031 (base 4) to base 7
-140
4d (base 15) to base 16
49
6 (base 9) to base 4
12
29 (base 12) to base 5
113
What is 14c (base 14) in base 9?
323
10011 (base 2) to base 15
14
What is -41 (base 10) in base 2?
-101001
Convert -8 (base 16) to base 9.
-8
What is -4 (base 5) in base 13?
-4
-1 (base 4) to base 15
-1
What is d (base 14) in base 11?
12
Convert -3 (base 5) to base 13.
-3
Convert -4 (base 11) to base 3.
-11
What is -2c (base 15) in base 7?
-60
3 (base 11) to base 12
3
103 (base 8) to base 11
61
25 (base 6) to base 12
15
Convert -c (base 15) to base 13.
-c
23 (base 6) to base 7
21
1 (base 11) to base 3
1
-4 (base 6) to base 10
-4
Convert -b (base 12) to base 6.
-15
0 (base 13) to base 12
0
Convert -83 (base 15) to base 5.
-443
Convert 3 (base 16) to base 3.
10
Convert 25 (base 13) to base 8.
37
What is 4 (base 9) in base 4?
10
What is -35 (base 10) in base 5?
-120
-14 (base 6) to base 16
-a
-2 (base 14) to base 4
-2
What is -1 (base 16) in base 15?
-1
What is 19 (base 11) in base 7?
26
What is 10 (base 5) in base 15?
5
-3 (base 13) to base 4
-3
-3 (base 8) to base 4
-3
What is 4 (base 15) in base 7?
4
What is 10 (base 15) in base 12?
13
100 (base 2) to base 3
11
What is -3 (base 6) in base 15?
-3
Convert -19 (base 14) to base 5.
-43
112 (base 3) to base 11
13
-4 (base 13) to base 5
-4
f (base 16) to base 9
16
What is 1200 (base 5) in base 15?
ba
What is 1 (base 8) in base 16?
1
What is 110 (base 2) in base 5?
11
Convert 322 (base 8) to base 3.
21210
46 (base 11) to base 14
38
What is 1110 (base 3) in base 8?
47
Convert 0 (base 9) to base 2.
0
212 (base 10) to base 7
422
Convert -2021 (base 5) to base 13.
-171
-14 (base 8) to base 12
-10
7 (base 15) to base 9
7
What is 3 (base 5) in base 10?
3
-d (base 16) to base 3
-111
7 (base 8) to base 14
7
Convert -11 (base 2) to base 14.
-3
What is -14 (base 6) in base 4?
-22
Convert -254 (base 7) to base 14